{"id":32,"date":"2023-11-02T21:06:19","date_gmt":"2023-11-02T20:06:19","guid":{"rendered":"http:\/\/bozin.fr\/?page_id=32"},"modified":"2024-03-05T17:32:20","modified_gmt":"2024-03-05T16:32:20","slug":"home","status":"publish","type":"page","link":"https:\/\/bozin.fr\/","title":{"rendered":"Home"},"content":{"rendered":"\n<section id=\"wp-block-themeisle-blocks-advanced-columns-a241f2a5\" class=\"wp-block-themeisle-blocks-advanced-columns alignfull has-1-columns has-desktop-equal-layout has-tablet-equal-layout has-mobile-equal-layout has-vertical-center\"><div class=\"wp-block-themeisle-blocks-advanced-columns-overlay\"><\/div><div class=\"innerblocks-wrap\">\n<div id=\"wp-block-themeisle-blocks-advanced-column-397f5e2e\" class=\"wp-block-themeisle-blocks-advanced-column\"><div class=\"wp-block-image is-resized\">\n<figure class=\"aligncenter\"><img decoding=\"async\" src=\"https:\/\/api.themeisle.com\/templates-data\/2021\/03\/ebf0233ced7259cf0838b7ba6d3aee074r4tr3jk8no0k18oskt4\/images\/neve-jewellery-28.1.png\" alt=\"\"\/><\/figure>\n<\/div>\n\n\n<h1 class=\"wp-block-heading has-text-align-center has-nv-text-dark-bg-color has-text-color\">Expert et Sp\u00e9cialiste <\/h1>\n\n\n\n<h5 class=\"wp-block-heading has-text-align-center has-nv-text-dark-bg-color has-text-color\">Un savoir-faire exceptionnel<\/h5>\n\n\n\n<div style=\"height:20px\" aria-hidden=\"true\" class=\"wp-block-spacer\"><\/div>\n\n\n\n<div class=\"wp-block-buttons is-horizontal is-content-justification-center is-layout-flex wp-container-core-buttons-is-layout-499968f5 wp-block-buttons-is-layout-flex\"><\/div>\n<\/div>\n<\/div><\/section>\n\n\n\n<section id=\"wp-block-themeisle-blocks-advanced-columns-b80f00fa\" class=\"wp-block-themeisle-blocks-advanced-columns alignfull has-1-columns has-desktop-equal-layout has-tablet-equal-layout has-mobile-equal-layout has-vertical-flex-start has-light-bg\"><div class=\"wp-block-themeisle-blocks-advanced-columns-overlay\"><\/div><div class=\"innerblocks-wrap\">\n<div id=\"wp-block-themeisle-blocks-advanced-column-5f50eba0\" class=\"wp-block-themeisle-blocks-advanced-column\">\n<figure class=\"wp-block-pullquote alignfull\" style=\"font-size:12px\"><blockquote><p>On ne na\u00eet pas femme : on le devient<\/p><cite>Simone de Beauvoir<\/cite><\/blockquote><\/figure>\n\n\n\n<section id=\"wp-block-themeisle-blocks-advanced-columns-87c19139\" class=\"wp-block-themeisle-blocks-advanced-columns alignfull has-1-columns has-desktop-equal-layout has-tablet-equal-layout has-mobile-equal-layout has-vertical-center has-light-bg\"><div class=\"wp-block-themeisle-blocks-advanced-columns-overlay\"><\/div><div class=\"innerblocks-wrap\">\n<div id=\"wp-block-themeisle-blocks-advanced-column-73f2f29e\" class=\"wp-block-themeisle-blocks-advanced-column\">\n<h1 class=\"wp-block-heading has-text-align-center has-neve-text-color-color has-text-color has-large-font-size\">BOZIN PARIS <\/h1>\n\n\n\n<p class=\"has-text-align-left\" style=\"font-size:16px\">BOZIN incarne l&#8217;excellence avec une \u00e9quipe de coiffeurs d&#8217;exception, experts dans l&#8217;art de sublimer vos cheveux. Que ce soit pour une coupe audacieuse, une coloration vibrante ou un lissage impeccable, nous vous proposons une gamme compl\u00e8te de services con\u00e7us pour r\u00e9pondre \u00e0 vos d\u00e9sirs les plus exigeants et vous offrir une exp\u00e9rience de beaut\u00e9 in\u00e9gal\u00e9e.<\/p>\n\n\n<div class=\"wp-block-image\">\n<figure class=\"aligncenter is-resized\"><img decoding=\"async\" src=\"https:\/\/api.themeisle.com\/templates-data\/2021\/03\/ebf0233ced7259cf0838b7ba6d3aee074r4tr3jk8no0k18oskt4\/images\/neve-jewellery-28.1.png\" alt=\"\" style=\"width:340px;height:32px\"\/><\/figure>\n<\/div><\/div>\n<\/div><\/section>\n\n\n\n<section id=\"wp-block-themeisle-blocks-advanced-columns-1dd2a16a\" class=\"wp-block-themeisle-blocks-advanced-columns has-3-columns has-desktop-equal-layout has-tablet-equal-layout has-mobile-collapsedRows-layout has-vertical-flex-start\"><div class=\"wp-block-themeisle-blocks-advanced-columns-overlay\"><\/div><div class=\"innerblocks-wrap\">\n<div id=\"wp-block-themeisle-blocks-advanced-column-e4101c01\" class=\"wp-block-themeisle-blocks-advanced-column has-light-bg\">\n<figure class=\"wp-block-image size-large is-resized\"><img loading=\"lazy\" decoding=\"async\" width=\"821\" height=\"1024\" src=\"http:\/\/bozin.fr\/wp-content\/uploads\/2023\/11\/Capture-decran-2023-11-03-a-16-compressed-2-821x1024.jpg\" alt=\"\" class=\"wp-image-80\" style=\"aspect-ratio:0.8017578125;width:305px;height:auto\" srcset=\"https:\/\/bozin.fr\/wp-content\/uploads\/2023\/11\/Capture-decran-2023-11-03-a-16-compressed-2-821x1024.jpg 821w, https:\/\/bozin.fr\/wp-content\/uploads\/2023\/11\/Capture-decran-2023-11-03-a-16-compressed-2-240x300.jpg 240w, https:\/\/bozin.fr\/wp-content\/uploads\/2023\/11\/Capture-decran-2023-11-03-a-16-compressed-2-768x958.jpg 768w, https:\/\/bozin.fr\/wp-content\/uploads\/2023\/11\/Capture-decran-2023-11-03-a-16-compressed-2-1231x1536.jpg 1231w, https:\/\/bozin.fr\/wp-content\/uploads\/2023\/11\/Capture-decran-2023-11-03-a-16-compressed-2.jpg 1340w\" sizes=\"auto, (max-width: 821px) 100vw, 821px\" \/><\/figure>\n\n\n\n<div style=\"height:16px\" aria-hidden=\"true\" class=\"wp-block-spacer\"><\/div>\n\n\n\n<h1 class=\"wp-block-heading has-text-align-center\">Ombr\u00e9 Hair<\/h1>\n<\/div>\n\n\n\n<div id=\"wp-block-themeisle-blocks-advanced-column-e48c0cc1\" class=\"wp-block-themeisle-blocks-advanced-column has-light-bg\">\n<figure class=\"wp-block-image size-large is-resized\"><img loading=\"lazy\" decoding=\"async\" width=\"818\" height=\"1024\" src=\"http:\/\/bozin.fr\/wp-content\/uploads\/2023\/11\/Capture-decran-2023-11-03-a-16-compressed-3-818x1024.jpg\" alt=\"\" class=\"wp-image-82\" style=\"aspect-ratio:0.798828125;width:302px;height:auto\" srcset=\"https:\/\/bozin.fr\/wp-content\/uploads\/2023\/11\/Capture-decran-2023-11-03-a-16-compressed-3-818x1024.jpg 818w, https:\/\/bozin.fr\/wp-content\/uploads\/2023\/11\/Capture-decran-2023-11-03-a-16-compressed-3-240x300.jpg 240w, https:\/\/bozin.fr\/wp-content\/uploads\/2023\/11\/Capture-decran-2023-11-03-a-16-compressed-3-768x961.jpg 768w, https:\/\/bozin.fr\/wp-content\/uploads\/2023\/11\/Capture-decran-2023-11-03-a-16-compressed-3-1227x1536.jpg 1227w, https:\/\/bozin.fr\/wp-content\/uploads\/2023\/11\/Capture-decran-2023-11-03-a-16-compressed-3.jpg 1342w\" sizes=\"auto, (max-width: 818px) 100vw, 818px\" \/><\/figure>\n\n\n\n<div style=\"height:16px\" aria-hidden=\"true\" class=\"wp-block-spacer\"><\/div>\n\n\n\n<h1 class=\"wp-block-heading has-text-align-center\">Extensions de cheveux<\/h1>\n<\/div>\n\n\n\n<div id=\"wp-block-themeisle-blocks-advanced-column-1e0e356e\" class=\"wp-block-themeisle-blocks-advanced-column has-light-bg\">\n<figure class=\"wp-block-image size-large is-resized\"><img loading=\"lazy\" decoding=\"async\" width=\"827\" height=\"1024\" src=\"http:\/\/bozin.fr\/wp-content\/uploads\/2023\/11\/Capture-decran-2023-11-03-a-16-compressed-4-827x1024.jpg\" alt=\"\" class=\"wp-image-85\" style=\"aspect-ratio:0.8076171875;width:300px;height:auto\" srcset=\"https:\/\/bozin.fr\/wp-content\/uploads\/2023\/11\/Capture-decran-2023-11-03-a-16-compressed-4-827x1024.jpg 827w, https:\/\/bozin.fr\/wp-content\/uploads\/2023\/11\/Capture-decran-2023-11-03-a-16-compressed-4-242x300.jpg 242w, https:\/\/bozin.fr\/wp-content\/uploads\/2023\/11\/Capture-decran-2023-11-03-a-16-compressed-4-768x951.jpg 768w, https:\/\/bozin.fr\/wp-content\/uploads\/2023\/11\/Capture-decran-2023-11-03-a-16-compressed-4-1240x1536.jpg 1240w, https:\/\/bozin.fr\/wp-content\/uploads\/2023\/11\/Capture-decran-2023-11-03-a-16-compressed-4.jpg 1348w\" sizes=\"auto, (max-width: 827px) 100vw, 827px\" \/><\/figure>\n\n\n\n<div style=\"height:16px\" aria-hidden=\"true\" class=\"wp-block-spacer\"><\/div>\n\n\n\n<h1 class=\"wp-block-heading has-text-align-center\">Manucure Russe<\/h1>\n<\/div>\n<\/div><\/section>\n<\/div>\n<\/div><\/section>\n\n\n\n<section id=\"wp-block-themeisle-blocks-advanced-columns-e7931e5c\" class=\"wp-block-themeisle-blocks-advanced-columns alignfull has-2-columns has-desktop-equal-layout has-tablet-equal-layout has-mobile-collapsedRows-layout has-vertical-unset has-vertical-undefined has-light-bg\"><div class=\"wp-block-themeisle-blocks-advanced-columns-overlay\"><\/div><div class=\"innerblocks-wrap\">\n<div id=\"wp-block-themeisle-blocks-advanced-column-311d4b3f\" class=\"wp-block-themeisle-blocks-advanced-column has-light-bg\">\n<h1 class=\"wp-block-heading has-text-align-center has-neve-text-color-color has-text-color\">La qualit\u00e9 de nos prestations<\/h1>\n\n\n\n<p class=\"has-text-align-left has-neve-text-color-color has-text-color\">\u00c0 votre arriv\u00e9e, laissez-vous envo\u00fbter par l&#8217;atmosph\u00e8re raffin\u00e9e de notre salon, o\u00f9 chaque d\u00e9tail est soigneusement pens\u00e9 pour cr\u00e9er un cadre spacieux, lumineux et \u00e9l\u00e9gamment d\u00e9cor\u00e9. Nous accordons une importance particuli\u00e8re \u00e0 la qualit\u00e9 de nos prestations, en utilisant exclusivement des produits haut de gamme provenant de marques renomm\u00e9es telles que L&#8217;Or\u00e9al, K\u00e9rastase, OPI, Olaplex, Redken, Revlon et Wella.<\/p>\n<\/div>\n\n\n\n<div id=\"wp-block-themeisle-blocks-advanced-column-49224624\" class=\"wp-block-themeisle-blocks-advanced-column\">\n<figure class=\"wp-block-image size-large\"><img loading=\"lazy\" decoding=\"async\" width=\"825\" height=\"1024\" src=\"http:\/\/bozin.fr\/wp-content\/uploads\/2023\/11\/Capture-decran-2023-11-03-a-16-compressed-1-825x1024.jpg\" alt=\"\" class=\"wp-image-78\" srcset=\"https:\/\/bozin.fr\/wp-content\/uploads\/2023\/11\/Capture-decran-2023-11-03-a-16-compressed-1-825x1024.jpg 825w, https:\/\/bozin.fr\/wp-content\/uploads\/2023\/11\/Capture-decran-2023-11-03-a-16-compressed-1-242x300.jpg 242w, https:\/\/bozin.fr\/wp-content\/uploads\/2023\/11\/Capture-decran-2023-11-03-a-16-compressed-1-768x954.jpg 768w, https:\/\/bozin.fr\/wp-content\/uploads\/2023\/11\/Capture-decran-2023-11-03-a-16-compressed-1-1237x1536.jpg 1237w, https:\/\/bozin.fr\/wp-content\/uploads\/2023\/11\/Capture-decran-2023-11-03-a-16-compressed-1.jpg 1348w\" sizes=\"auto, (max-width: 825px) 100vw, 825px\" \/><\/figure>\n<\/div>\n<\/div><\/section>\n\n\n\n<section id=\"wp-block-themeisle-blocks-advanced-columns-79c77fe8\" class=\"wp-block-themeisle-blocks-advanced-columns alignfull has-2-columns has-desktop-equal-layout has-tablet-equal-layout has-mobile-collapsedRows-layout has-vertical-unset has-vertical-undefined has-light-bg\"><div class=\"wp-block-themeisle-blocks-advanced-columns-overlay\"><\/div><div class=\"innerblocks-wrap\">\n<div id=\"wp-block-themeisle-blocks-advanced-column-2c6ed263\" class=\"wp-block-themeisle-blocks-advanced-column has-light-bg\">\n<h1 class=\"wp-block-heading has-text-align-center has-neve-text-color-color has-text-color\">Une coloration \u00e9clatante<\/h1>\n\n\n\n<p class=\"has-text-align-left has-neve-text-color-color has-text-color\">Que ce soit pour une nouvelle coupe audacieuse, une coloration \u00e9clatante ou une manucure impeccable, notre \u00e9quipe d\u00e9vou\u00e9e est l\u00e0 pour vous conseiller et sublimer votre beaut\u00e9. En plus de nos services de coiffure, nous proposons \u00e9galement des soins du visage, des \u00e9pilations et des services de beaut\u00e9 des cils, pour que vous puissiez rayonner de toute votre splendeur.<\/p>\n<\/div>\n\n\n\n<div id=\"wp-block-themeisle-blocks-advanced-column-9760ab91\" class=\"wp-block-themeisle-blocks-advanced-column\">\n<figure class=\"wp-block-image size-large\"><img loading=\"lazy\" decoding=\"async\" width=\"825\" height=\"1024\" src=\"http:\/\/bozin.fr\/wp-content\/uploads\/2023\/11\/Capture-decran-2023-11-03-a-16-compressed-1-825x1024.jpg\" alt=\"\" class=\"wp-image-78\" srcset=\"https:\/\/bozin.fr\/wp-content\/uploads\/2023\/11\/Capture-decran-2023-11-03-a-16-compressed-1-825x1024.jpg 825w, https:\/\/bozin.fr\/wp-content\/uploads\/2023\/11\/Capture-decran-2023-11-03-a-16-compressed-1-242x300.jpg 242w, https:\/\/bozin.fr\/wp-content\/uploads\/2023\/11\/Capture-decran-2023-11-03-a-16-compressed-1-768x954.jpg 768w, https:\/\/bozin.fr\/wp-content\/uploads\/2023\/11\/Capture-decran-2023-11-03-a-16-compressed-1-1237x1536.jpg 1237w, https:\/\/bozin.fr\/wp-content\/uploads\/2023\/11\/Capture-decran-2023-11-03-a-16-compressed-1.jpg 1348w\" sizes=\"auto, (max-width: 825px) 100vw, 825px\" \/><\/figure>\n<\/div>\n<\/div><\/section>\n\n\n\n<p><\/p>\n\n\n\n<h1 class=\"wp-block-heading has-text-align-center has-neve-text-color-color has-text-color\">Votre espace beaut\u00e9 <\/h1>\n\n\n\n<div id=\"wp-block-themeisle-blocks-advanced-columns-5a0983d8\" class=\"wp-block-themeisle-blocks-advanced-columns alignwide has-1-columns has-desktop-equal-layout has-tablet-equal-layout has-mobile-equal-layout has-vertical-unset\"><div class=\"wp-block-themeisle-blocks-advanced-columns-overlay\"><\/div><div class=\"innerblocks-wrap\">\n<div id=\"wp-block-themeisle-blocks-advanced-column-fb25c306\" class=\"wp-block-themeisle-blocks-advanced-column\">\n<p>Enfin, notre corner esth\u00e9tique et nail bar vous permettent de parfaire votre look avec \u00e9l\u00e9gance. Que vous optiez pour une manucure classique ou une tendance comme le baby-boomer, nous sommes l\u00e0 pour vous offrir un service impeccable de la t\u00eate aux pieds. D\u00e9couvrez d\u00e8s maintenant l&#8217;univers de BOZIN et laissez-vous chouchouter par notre \u00e9quipe de professionnels passionn\u00e9s.<\/p>\n<\/div>\n<\/div><\/div>\n\n\n<div style=\"height:400px\" class=\"wp-block-themeisle-blocks-google-map\" id=\"wp-block-themeisle-blocks-google-map-5924dc0a\"><\/div>\n<script type=\"text\/javascript\">\n\t\/* <![CDATA[ *\/\n\t\tif ( ! window.themeisleGoogleMaps ) window.themeisleGoogleMaps =[];\n\t\twindow.themeisleGoogleMaps.push( { container: \"wp-block-themeisle-blocks-google-map-5924dc0a\", attributes: {\"id\":\"wp-block-themeisle-blocks-google-map-5924dc0a\",\"location\":\"67 avenue aristide briand 94110\",\"latitude\":\"48.80604379790249\",\"longitude\":\"2.325990200042725\",\"style\":\"standard\",\"type\":\"roadmap\",\"zoom\":15,\"height\":\"400px\",\"draggable\":true,\"mapTypeControl\":true,\"zoomControl\":true,\"fullscreenControl\":true,\"streetViewControl\":true,\"markers\":[],\"hasCustomCSS\":false,\"customCSS\":\"\",\"otterConditions\":[]} } );\n\t\/* ]]> *\/\n<\/script>\n\n\n\n<div id=\"wp-block-themeisle-blocks-advanced-columns-951e76d8\" class=\"wp-block-themeisle-blocks-advanced-columns alignfull has-1-columns has-desktop-equal-layout has-tablet-equal-layout has-mobile-equal-layout has-vertical-unset has-light-bg\"><div class=\"wp-block-themeisle-blocks-advanced-columns-overlay\"><\/div><div class=\"innerblocks-wrap\">\n<div id=\"wp-block-themeisle-blocks-advanced-column-cc7f1271\" class=\"wp-block-themeisle-blocks-advanced-column\">\n<h2 class=\"wp-block-heading has-text-align-center has-neve-text-color-color has-text-color\">Avis Google<\/h2>\n\n\n<div class=\"wp-block-image\">\n<figure class=\"aligncenter is-resized\"><img decoding=\"async\" src=\"https:\/\/api.themeisle.com\/templates-data\/2021\/03\/ebf0233ced7259cf0838b7ba6d3aee074r4tr3jk8no0k18oskt4\/images\/neve-jewellery-28.1.png\" alt=\"\" style=\"width:340px;height:32px\"\/><\/figure>\n<\/div>\n\n\n<div style=\"height:16px\" aria-hidden=\"true\" class=\"wp-block-spacer\"><\/div>\n\n\n\n<div id=\"wp-block-themeisle-blocks-icon-list-44b93baf\" class=\"wp-block-themeisle-blocks-icon-list is-style-horizontal ticss-b6c7ec6f\">\n<div id=\"wp-block-themeisle-blocks-icon-list-item-f29ef0a3\" class=\"wp-block-themeisle-blocks-icon-list-item\"><i class=\"fas fa-star wp-block-themeisle-blocks-icon-list-item-icon-custom\"><\/i><p class=\"wp-block-themeisle-blocks-icon-list-item-content\">List item 5<\/p><\/div>\n\n\n\n<div id=\"wp-block-themeisle-blocks-icon-list-item-fbf08f3d\" class=\"wp-block-themeisle-blocks-icon-list-item\"><i class=\"fas fa-star wp-block-themeisle-blocks-icon-list-item-icon-custom\"><\/i><p class=\"wp-block-themeisle-blocks-icon-list-item-content\">List item 5<\/p><\/div>\n\n\n\n<div id=\"wp-block-themeisle-blocks-icon-list-item-fa7e2e77\" class=\"wp-block-themeisle-blocks-icon-list-item\"><i class=\"fas fa-star wp-block-themeisle-blocks-icon-list-item-icon-custom\"><\/i><p class=\"wp-block-themeisle-blocks-icon-list-item-content\">List item 5<\/p><\/div>\n\n\n\n<div id=\"wp-block-themeisle-blocks-icon-list-item-3430e63a\" class=\"wp-block-themeisle-blocks-icon-list-item\"><i class=\"fas fa-star wp-block-themeisle-blocks-icon-list-item-icon-custom\"><\/i><p class=\"wp-block-themeisle-blocks-icon-list-item-content\">List item 5<\/p><\/div>\n\n\n\n<div id=\"wp-block-themeisle-blocks-icon-list-item-2f353fdf\" class=\"wp-block-themeisle-blocks-icon-list-item\"><i class=\"fas fa-star wp-block-themeisle-blocks-icon-list-item-icon-custom\"><\/i><p class=\"wp-block-themeisle-blocks-icon-list-item-content\">List item 5<\/p><\/div>\n<\/div>\n\n\n\n<p class=\"has-text-align-center has-neve-text-color-color has-text-color\" style=\"font-size:21px\">Excellent salon! L&#8217;accueil des filles et leur professionnalisme sont juste parfaits! Mention sp\u00e9ciale \u00e0 Ikram qui s&#8217;est bien occup\u00e9e de moi. Quant aux ongles c&#8217;est le meilleur endroit \u00e9galement! Vous pouvez y aller les yeux ferm\u00e9s !<\/p>\n\n\n<div class=\"wp-block-image is-style-rounded\">\n<figure class=\"aligncenter size-large is-resized\"><img decoding=\"async\" src=\"https:\/\/api.themeisle.com\/templates-data\/2021\/03\/ebf0233ced7259cf0838b7ba6d3aee074r4tr3jk8no0k18oskt4\/images\/neve-jewellery-31.jpg\" alt=\"\" class=\"wp-image-50\" style=\"width:60px;height:60px\"\/><\/figure>\n<\/div>\n\n\n<div style=\"height:16px\" aria-hidden=\"true\" class=\"wp-block-spacer\"><\/div>\n\n\n\n<p class=\"has-text-align-center has-neve-text-color-color has-text-color\" style=\"font-size:14px\"><strong>Audrey BARBASTE FERREIRA<\/strong><\/p>\n\n\n\n<p class=\"has-text-align-center has-neve-text-color-color has-text-color\" style=\"font-size:15px\">Paris<\/p>\n<\/div>\n<\/div><\/div>\n\n\n\n<div id=\"wp-block-themeisle-blocks-advanced-columns-b67c42e4\" class=\"wp-block-themeisle-blocks-advanced-columns alignfull has-1-columns has-desktop-equal-layout has-tablet-equal-layout has-mobile-equal-layout has-vertical-unset\"><div class=\"wp-block-themeisle-blocks-advanced-columns-overlay\"><\/div><div class=\"innerblocks-wrap\">\n<div id=\"wp-block-themeisle-blocks-advanced-column-c14bebac\" class=\"wp-block-themeisle-blocks-advanced-column\">\n<h2 class=\"wp-block-heading has-text-align-center has-nv-text-dark-bg-color has-text-color\">Notre salon BOZIN<\/h2>\n\n\n\n<p class=\"has-text-align-center has-nv-text-dark-bg-color has-text-color\">Notre salon BOZIN est id\u00e9alement situ\u00e9 au 67 avenue Aristide Briand \u00e0 Arcueil (94110), \u00e0 proximit\u00e9 de la station de m\u00e9tro Arcueil-Cachan de la ligne 15, ainsi que de la gare RER B Laplace. Cette localisation pratique permet \u00e0 notre client\u00e8le de nous rejoindre facilement depuis Paris et ses environs, b\u00e9n\u00e9ficiant ainsi d&#8217;un acc\u00e8s optimal \u00e0 nos services de coiffure et de beaut\u00e9.<\/p>\n<\/div>\n<\/div><\/div>\n","protected":false},"excerpt":{"rendered":"<p>Votre espace beaut\u00e9<\/p>\n","protected":false},"author":1,"featured_media":0,"parent":0,"menu_order":0,"comment_status":"closed","ping_status":"closed","template":"","meta":{"neve_meta_sidebar":"full-width","neve_meta_container":"","neve_meta_enable_content_width":"on","neve_meta_content_width":100,"neve_meta_title_alignment":"","neve_meta_author_avatar":"","neve_post_elements_order":"","neve_meta_disable_header":"off","neve_meta_disable_footer":"","neve_meta_disable_title":"on","neve_meta_reading_time":"","_themeisle_gutenberg_block_has_review":false,"footnotes":""},"class_list":["post-32","page","type-page","status-publish","hentry"],"_links":{"self":[{"href":"https:\/\/bozin.fr\/index.php?rest_route=\/wp\/v2\/pages\/32","targetHints":{"allow":["GET"]}}],"collection":[{"href":"https:\/\/bozin.fr\/index.php?rest_route=\/wp\/v2\/pages"}],"about":[{"href":"https:\/\/bozin.fr\/index.php?rest_route=\/wp\/v2\/types\/page"}],"author":[{"embeddable":true,"href":"https:\/\/bozin.fr\/index.php?rest_route=\/wp\/v2\/users\/1"}],"replies":[{"embeddable":true,"href":"https:\/\/bozin.fr\/index.php?rest_route=%2Fwp%2Fv2%2Fcomments&post=32"}],"version-history":[{"count":63,"href":"https:\/\/bozin.fr\/index.php?rest_route=\/wp\/v2\/pages\/32\/revisions"}],"predecessor-version":[{"id":190,"href":"https:\/\/bozin.fr\/index.php?rest_route=\/wp\/v2\/pages\/32\/revisions\/190"}],"wp:attachment":[{"href":"https:\/\/bozin.fr\/index.php?rest_route=%2Fwp%2Fv2%2Fmedia&parent=32"}],"curies":[{"name":"wp","href":"https:\/\/api.w.org\/{rel}","templated":true}]}}